[INFO] cloning repository https://github.com/dobrakmato/board3-backend
[INFO] running `Command { std: "git" "-c" "credential.helper=" "-c" "credential.helper=/workspace/cargo-home/bin/git-credential-null" "clone" "--bare" "https://github.com/dobrakmato/board3-backend" "/workspace/cache/git-repos/https%3A%2F%2Fgithub.com%2Fdobrakmato%2Fboard3-backend", kill_on_drop: false }`
[INFO] [stderr] Cloning into bare repository '/workspace/cache/git-repos/https%3A%2F%2Fgithub.com%2Fdobrakmato%2Fboard3-backend'...
[INFO] running `Command { std: "git" "rev-parse" "HEAD", kill_on_drop: false }`
[INFO] [stdout] 1e4cd7eaeb1f9432fd6f6001459308a3e38da35e
[INFO] checking dobrakmato/board3-backend against try#72f88fc4e9458f89516a0b8b0868f3718aec5b47 for pr-74989
[INFO] running `Command { std: "git" "clone" "/workspace/cache/git-repos/https%3A%2F%2Fgithub.com%2Fdobrakmato%2Fboard3-backend" "/workspace/builds/worker-0/source", kill_on_drop: false }`
[INFO] [stderr] Cloning into '/workspace/builds/worker-0/source'...
[INFO] [stderr] done.
[INFO] validating manifest of git repo https://github.com/dobrakmato/board3-backend on toolchain 72f88fc4e9458f89516a0b8b0868f3718aec5b47
[INFO] running `Command { std: "/workspace/cargo-home/bin/cargo" "+72f88fc4e9458f89516a0b8b0868f3718aec5b47" "read-manifest" "--manifest-path" "Cargo.toml", kill_on_drop: false }`
[INFO] started tweaking git repo https://github.com/dobrakmato/board3-backend
[INFO] finished tweaking git repo https://github.com/dobrakmato/board3-backend
[INFO] tweaked toml for git repo https://github.com/dobrakmato/board3-backend written to /workspace/builds/worker-0/source/Cargo.toml
[INFO] crate git repo https://github.com/dobrakmato/board3-backend already has a lockfile, it will not be regenerated
[INFO] running `Command { std: "/workspace/cargo-home/bin/cargo" "+72f88fc4e9458f89516a0b8b0868f3718aec5b47" "fetch" "--locked" "--manifest-path" "Cargo.toml", kill_on_drop: false }`
[INFO] [stderr]  Downloading crates ...
[INFO] [stderr]   Downloaded ws v0.8.0
[INFO] running `Command { std: "docker" "create" "-v" "/var/lib/crater-agent-workspace/builds/worker-0/target:/opt/rustwide/target:rw,Z" "-v" "/var/lib/crater-agent-workspace/builds/worker-0/source:/opt/rustwide/workdir:ro,Z" "-v" "/var/lib/crater-agent-workspace/cargo-home:/opt/rustwide/cargo-home:ro,Z" "-v" "/var/lib/crater-agent-workspace/rustup-home:/opt/rustwide/rustup-home:ro,Z" "-e" "SOURCE_DIR=/opt/rustwide/workdir" "-e" "CARGO_TARGET_DIR=/opt/rustwide/target" "-e" "CARGO_HOME=/opt/rustwide/cargo-home" "-e" "RUSTUP_HOME=/opt/rustwide/rustup-home" "-w" "/opt/rustwide/workdir" "-m" "1610612736" "--user" "0:0" "--network" "none" "rustops/crates-build-env@sha256:d92eaeed33fa75130ca1ee6c8a01d1ffb62bac859dfdfb3450e3e5d1c0146529" "/opt/rustwide/cargo-home/bin/cargo" "+72f88fc4e9458f89516a0b8b0868f3718aec5b47" "metadata" "--no-deps" "--format-version=1", kill_on_drop: false }`
[INFO] [stderr] WARNING: Your kernel does not support swap limit capabilities or the cgroup is not mounted. Memory limited without swap.
[INFO] [stdout] cfc0392907288c762f92f10c2efeab65e1ab4456da4e1800777d7eac4c02e407
[INFO] running `Command { std: "docker" "start" "-a" "cfc0392907288c762f92f10c2efeab65e1ab4456da4e1800777d7eac4c02e407", kill_on_drop: false }`
[INFO] running `Command { std: "docker" "inspect" "cfc0392907288c762f92f10c2efeab65e1ab4456da4e1800777d7eac4c02e407", kill_on_drop: false }`
[INFO] running `Command { std: "docker" "rm" "-f" "cfc0392907288c762f92f10c2efeab65e1ab4456da4e1800777d7eac4c02e407", kill_on_drop: false }`
[INFO] [stdout] cfc0392907288c762f92f10c2efeab65e1ab4456da4e1800777d7eac4c02e407
[INFO] running `Command { std: "docker" "create" "-v" "/var/lib/crater-agent-workspace/builds/worker-0/target:/opt/rustwide/target:rw,Z" "-v" "/var/lib/crater-agent-workspace/builds/worker-0/source:/opt/rustwide/workdir:ro,Z" "-v" "/var/lib/crater-agent-workspace/cargo-home:/opt/rustwide/cargo-home:ro,Z" "-v" "/var/lib/crater-agent-workspace/rustup-home:/opt/rustwide/rustup-home:ro,Z" "-e" "SOURCE_DIR=/opt/rustwide/workdir" "-e" "CARGO_TARGET_DIR=/opt/rustwide/target" "-e" "CARGO_INCREMENTAL=0" "-e" "RUST_BACKTRACE=full" "-e" "RUSTFLAGS=--cap-lints=forbid" "-e" "CARGO_HOME=/opt/rustwide/cargo-home" "-e" "RUSTUP_HOME=/opt/rustwide/rustup-home" "-w" "/opt/rustwide/workdir" "-m" "1610612736" "--user" "0:0" "--network" "none" "rustops/crates-build-env@sha256:d92eaeed33fa75130ca1ee6c8a01d1ffb62bac859dfdfb3450e3e5d1c0146529" "/opt/rustwide/cargo-home/bin/cargo" "+72f88fc4e9458f89516a0b8b0868f3718aec5b47" "check" "--frozen" "--all" "--all-targets" "--message-format=json", kill_on_drop: false }`
[INFO] [stderr] WARNING: Your kernel does not support swap limit capabilities or the cgroup is not mounted. Memory limited without swap.
[INFO] [stdout] de74f82c24e9b0d7dc628af6544f7286193072ea7579d3e2c5efb20f56b74421
[INFO] running `Command { std: "docker" "start" "-a" "de74f82c24e9b0d7dc628af6544f7286193072ea7579d3e2c5efb20f56b74421", kill_on_drop: false }`
[INFO] [stderr]    Compiling libc v0.2.53
[INFO] [stderr]    Compiling autocfg v0.1.2
[INFO] [stderr]     Checking rand_core v0.4.0
[INFO] [stderr]    Compiling proc-macro2 v0.4.29
[INFO] [stderr]     Checking cfg-if v0.1.7
[INFO] [stderr]    Compiling unicode-xid v0.1.0
[INFO] [stderr]    Compiling syn v0.15.33
[INFO] [stderr]    Compiling regex v1.1.6
[INFO] [stderr]     Checking matches v0.1.8
[INFO] [stderr]    Compiling byteorder v1.3.1
[INFO] [stderr]     Checking smallvec v0.6.9
[INFO] [stderr]     Checking ucd-util v0.1.3
[INFO] [stderr]     Checking lazy_static v1.3.0
[INFO] [stderr]     Checking slab v0.4.2
[INFO] [stderr]     Checking quick-error v1.2.2
[INFO] [stderr]    Compiling httparse v1.3.3
[INFO] [stderr]     Checking utf8-ranges v1.0.2
[INFO] [stderr]     Checking termcolor v1.0.4
[INFO] [stderr]     Checking percent-encoding v1.0.1
[INFO] [stderr]    Compiling serde v1.0.90
[INFO] [stderr]     Checking unicode-bidi v0.3.4
[INFO] [stderr]     Checking log v0.4.6
[INFO] [stderr]     Checking thread_local v0.3.6
[INFO] [stderr]     Checking regex-syntax v0.6.6
[INFO] [stderr]     Checking humantime v1.2.0
[INFO] [stderr]     Checking rand_core v0.3.1
[INFO] [stderr]     Checking rand_jitter v0.1.3
[INFO] [stderr]     Checking unicode-normalization v0.1.8
[INFO] [stderr]     Checking rand_xorshift v0.1.1
[INFO] [stderr]     Checking rand_isaac v0.1.1
[INFO] [stderr]     Checking rand_hc v0.1.0
[INFO] [stderr]    Compiling rand_chacha v0.1.1
[INFO] [stderr]    Compiling rand_pcg v0.1.2
[INFO] [stderr]    Compiling rand v0.6.5
[INFO] [stderr]    Compiling quote v0.6.12
[INFO] [stderr]     Checking iovec v0.1.2
[INFO] [stderr]     Checking rand_os v0.1.3
[INFO] [stderr]     Checking net2 v0.2.33
[INFO] [stderr]     Checking atty v0.2.11
[INFO] [stderr]     Checking bytes v0.4.12
[INFO] [stderr]     Checking mio v0.6.16
[INFO] [stderr]     Checking idna v0.1.5
[INFO] [stderr]     Checking mio-extras v2.0.5
[INFO] [stderr]     Checking url v1.7.2
[INFO] [stderr]     Checking ws v0.8.0
[INFO] [stderr]     Checking env_logger v0.6.1
[INFO] [stderr]     Checking quickcheck v0.8.2
[INFO] [stderr]    Compiling serde_derive v1.0.90
[INFO] [stderr]    Compiling quickcheck_macros v0.8.0
[INFO] [stderr]     Checking ob2-communication v0.1.0 (/opt/rustwide/workdir)
[INFO] [stdout] error: cannot find macro `info` in this scope
[INFO] [stdout]    --> src/server.rs:102:9
[INFO] [stdout]     |
[INFO] [stdout] 102 |         info!("Client {} has user_id {}", user.username, self.last_client_id.0);
[INFO] [stdout]     |         ^^^^
[INFO] [stdout] 
[INFO] [stdout] 
[INFO] [stdout] error: cannot find macro `info` in this scope
[INFO] [stdout]    --> src/server.rs:102:9
[INFO] [stdout]     |
[INFO] [stdout] 102 |         info!("Client {} has user_id {}", user.username, self.last_client_id.0);
[INFO] [stdout]     |         ^^^^
[INFO] [stdout] 
[INFO] [stdout] 
[INFO] [stdout] error[E0425]: cannot find value `code` in this scope
[INFO] [stdout]   --> src/client.rs:36:15
[INFO] [stdout]    |
[INFO] [stdout] 36 |         match code {
[INFO] [stdout]    |               ^^^^ help: a local variable with a similar name exists: `_code`
[INFO] [stdout] 
[INFO] [stdout] 
[INFO] [stdout] error[E0425]: cannot find value `reason` in this scope
[INFO] [stdout]   --> src/client.rs:39:63
[INFO] [stdout]    |
[INFO] [stdout] 39 |             _ => warn!("The client encountered an error: {}", reason),
[INFO] [stdout]    |                                                               ^^^^^^ help: a local variable with a similar name exists: `_reason`
[INFO] [stdout] 
[INFO] [stdout] 
[INFO] [stdout] error[E0425]: cannot find value `code` in this scope
[INFO] [stdout]   --> src/client.rs:36:15
[INFO] [stdout]    |
[INFO] [stdout] 36 |         match code {
[INFO] [stdout]    |               ^^^^ help: a local variable with a similar name exists: `_code`
[INFO] [stdout] 
[INFO] [stdout] 
[INFO] [stdout] error[E0425]: cannot find value `reason` in this scope
[INFO] [stdout]   --> src/client.rs:39:63
[INFO] [stdout]    |
[INFO] [stdout] 39 |             _ => warn!("The client encountered an error: {}", reason),
[INFO] [stdout]    |                                                               ^^^^^^ help: a local variable with a similar name exists: `_reason`
[INFO] [stdout] 
[INFO] [stdout] 
[INFO] [stdout] warning: use of deprecated associated function `std::error::Error::description`: use the Display impl or to_string()
[INFO] [stdout]   --> src/error.rs:27:29
[INFO] [stdout]    |
[INFO] [stdout] 27 |         formatter.write_str(std::error::Error::description(self))
[INFO] [stdout]    |                             ^^^^^^^^^^^^^^^^^^^^^^^^^^^^^^
[INFO] [stdout]    |
[INFO] [stdout]    = note: `#[warn(deprecated)]` on by default
[INFO] [stdout] 
[INFO] [stdout] 
[INFO] [stdout] warning: use of deprecated associated function `std::error::Error::description`: use the Display impl or to_string()
[INFO] [stdout]   --> src/error.rs:27:29
[INFO] [stdout]    |
[INFO] [stdout] 27 |         formatter.write_str(std::error::Error::description(self))
[INFO] [stdout]    |                             ^^^^^^^^^^^^^^^^^^^^^^^^^^^^^^
[INFO] [stdout]    |
[INFO] [stdout]    = note: `#[warn(deprecated)]` on by default
[INFO] [stdout] 
[INFO] [stdout] 
[INFO] [stderr] error: could not compile `ob2-communication`.
[INFO] [stdout] error: aborting due to 3 previous errors; 1 warning emitted
[INFO] [stdout] 
[INFO] [stdout] 
[INFO] [stderr] 
[INFO] [stdout] For more information about this error, try `rustc --explain E0425`.
[INFO] [stdout] 
[INFO] [stderr] To learn more, run the command again with --verbose.
[INFO] [stderr] warning: build failed, waiting for other jobs to finish...
[INFO] [stdout] error: aborting due to 3 previous errors; 1 warning emitted
[INFO] [stdout] 
[INFO] [stdout] 
[INFO] [stdout] For more information about this error, try `rustc --explain E0425`.
[INFO] [stdout] 
[INFO] [stderr] error: build failed
[INFO] running `Command { std: "docker" "inspect" "de74f82c24e9b0d7dc628af6544f7286193072ea7579d3e2c5efb20f56b74421", kill_on_drop: false }`
[INFO] running `Command { std: "docker" "rm" "-f" "de74f82c24e9b0d7dc628af6544f7286193072ea7579d3e2c5efb20f56b74421", kill_on_drop: false }`
[INFO] [stdout] de74f82c24e9b0d7dc628af6544f7286193072ea7579d3e2c5efb20f56b74421
